33 divide 18399428?
False
Is 9 a factor of 2506221?
True
Is 2577 a factor of 79036590?
True
Does 137 divide 12804684?
False
Is 327175380 a multiple of 309?
True
Does 35 divide 244018826?
False
Is 124 a factor of 254794590?
False
Is 42614242 a multiple of 94?
True
Is 32 a factor of 22625740?
False
Does 483 divide 25060081?
False
Does 8 divide 3511238?
False
Does 52 divide 61229645?
False
Does 11 divide 200697079?
True
Is 164295213 a multiple of 12?
False
Is 136 a factor of 38528442?
False
Does 3405 divide 129386595?
True
Is 107 a factor of 1429785467?
True
Is 79 a factor of 44968801?
False
Is 131 a factor of 693269992?
False
Is 1509892416 a multiple of 981?
True
Does 3365 divide 48968945?
False
Does 24 divide 23227614?
False
Is 528 a factor of 117254544?
True
Is 10 a factor of 1107479092?
False
Does 1778 divide 225378027?
False
Does 3085 divide 35448771?
False
Is 400723296 a multiple of 32?
True
Is 10804097 a multiple of 123?
False
Is 616890153 a multiple of 6246?
False
Does 25 divide 13160350?
True
Is 7630898 a multiple of 167?
True
Is 64 a factor of 588204608?
True
Is 36276856 a multiple of 8?
True
Is 786 a factor of 43086948?
True
Does 16 divide 78700310?
False
Is 92836919 a multiple of 138?
False
Is 13384813 a multiple of 211?
False
Is 33 a factor of 213100547?
False
Does 17 divide 279582030?
False
Is 4702 a factor of 63650974?
True
Is 3404 a factor of 163275329?
False
Is 703122422 a multiple of 14?
False
Is 118594819 a multiple of 25?
False
Does 78 divide 29353818?
True
Does 157 divide 1723144762?
False
Is 8 a factor of 240770104?
True
Is 34 a factor of 168735370?
True
Does 20 divide 27753880?
True
Is 17285566 a multiple of 799?
True
Is 6 a factor of 39806808?
True
Does 3022 divide 168663864?
True
Is 838 a factor of 951724142?
True
Does 674 divide 811026896?
True
Does 32 divide 183644224?
True
Does 13 divide 68326830?
True
Is 26 a factor of 48626032?
True
Is 74365985 a multiple of 235?
True
Does 79 divide 106528338?
False
Is 50 a factor of 556585250?
True
Does 3966 divide 256358274?
True
Does 334 divide 344841210?
False
Is 28156320 a multiple of 18?
True
Does 80 divide 941053198?
False
Is 4 a factor of 80983157?
False
Is 10344048 a multiple of 48?
True
Does 18 divide 7838908?
False
Is 4003 a factor of 428592689?
False
Is 64946676 a multiple of 227?
False
Is 24280148 a multiple of 93?
False
Does 4 divide 12218010?
False
Does 383 divide 13937753?
True
Is 15 a factor of 101807355?
True
Is 46 a factor of 1278574399?
False
Does 16 divide 1898368?
True
Does 16 divide 40536800?
True
Does 3 divide 14186253?
True
Does 77 divide 2661082116?
True
Is 16 a factor of 52375972?
False
Is 103 a factor of 2581745589?
False
Is 77757705 a multiple of 7?
False
Does 69 divide 92271492?
True
Is 870 a factor of 135250637?
False
Does 509 divide 42224999?
False
Is 63 a factor of 274711767?
False
Is 73658676 a multiple of 13?
True
Is 10 a factor of 186320420?
True
Does 121 divide 159416844?
False
Is 310406012 a multiple of 178?
True
Is 12633660 a multiple of 65?
True
Does 548 divide 1387452152?
False
Is 73905154 a multiple of 35?
False
Is 379791738 a multiple of 220?
False
Is 92537704 a multiple of 14?
True
Is 4427 a factor of 143266574?
True
Does 499 divide 236287478?
True
Does 218 divide 58536270?
True
Does 81 divide 39892500?
True
Does 490 divide 3494190?
True
Is 10402588 a multiple of 412?
True
Does 3 divide 98518240?
False
Is 51237971 a multiple of 99?
False
Does 96 divide 17100748?
False
Does 1945 divide 7312120?
False
Is 24438491 a multiple of 2?
False
Does 253 divide 34105159?
True
Is 42 a factor of 20711691?
False
Is 75 a factor of 64602083?
False
Does 2031 divide 50383017?
True
Does 47 divide 68157849?
True
Is 4183056 a multiple of 12?
True
Is 780072883 a multiple of 35?
False
Does 22 divide 304224488?
False
Is 92 a factor of 22282613?
False
Does 3766 divide 926846494?
True
Does 2014 divide 6222363770?
True
Is 207295404 a multiple of 1520?
False
Does 409 divide 57613284?
False
Does 3164 divide 994968035?
False
Is 183177380 a multiple of 34?
True
Is 3882 a factor of 57169568?
False
Does 304 divide 834296784?
False
Does 286 divide 92975168?
True
Is 2142652277 a multiple of 12?
False
Is 192468420 a multiple of 366?
True
Is 896 a factor of 521812480?
True
Is 10 a factor of 5118844763?
False
Is 197481711 a multiple of 49?
True
Is 2328699 a multiple of 57?
False
Is 267655392 a multiple of 160?
False
Is 3 a factor of 16584120?
True
Is 4 a factor of 4556848?
True
Is 5 a factor of 39922124?
False
Is 1547338 a multiple of 208?
False
Is 32 a factor of 2481945?
False
Is 627 a factor of 685408185?
True
Is 598 a factor of 77258224?
False
Is 15018060 a multiple of 9?
False
Is 99223143 a multiple of 3402?
False
Does 86 divide 159998528?
True
Is 33 a factor of 1183836159?
True
Is 17 a factor of 312107622?
False
Is 429 a factor of 4803250226?
False
Does 247 divide 2074070856?
True
Is 18 a factor of 591449080?
False
Does 10 divide 732110?
True
Is 908 a factor of 68136320?
True
Is 50471251 a multiple of 73?
True
Is 5 a factor of 348615545?
True
Is 704 a factor of 947045440?
True
Does 21 divide 78186234?
True
Does 3212 divide 244991772?
False
Is 2835752457 a multiple of 551?
False
Is 12 a factor of 7467184199?
False
Does 44 divide 3441460?
True
Does 50 divide 13044150?
True
Is 64 a factor of 18530755?
False
Is 341348 a multiple of 28?
True
Is 315 a factor of 699070680?
True
Is 2561 a factor of 24559990?
True
Does 2631 divide 126877947?
False
Does 3 divide 21955011?
True
Does 68 divide 5966484?
False
Is 3696 a factor of 22515183?
False
Does 5567 divide 2640717307?
False
Is 5416903 a multiple of 6?
False
Is 610906206 a multiple of 3980?
False
Does 639 divide 13254138?
True
Is 801744320 a multiple of 2480?
True
Does 68 divide 2377892?
True
Does 7 divide 44294122?
False
Does 9 divide 2892625232?
False
Does 58 divide 51936692?
False
Does 1524 divide 268268196?
True
Does 162 divide 314142170?
False
Does 68 divide 1930462877?
False
Is 301230258 a multiple of 42?
True
Is 924859810 a multiple of 35?
True
Does 85 divide 102154445?
True
Is 108115955 a multiple of 169?
False
Does 14 divide 1301664?
True
Is 25 a factor of 236108692?
False
Is 678562518 a multiple of 92?
False
Does 22 divide 87202776?
False
Is 5462730 a multiple of 1131?
True
Is 119025809 a multiple of 195?
False
Is 43 a factor of 180776515?
True
Is 80 a factor of 7831440?
True
Is 7449 a factor of 417389817?
True
Is 44752495 a multiple of 3?
False
Does 8012 divide 1077556032?
False
Does 17 divide 54574112?
False
Does 2975 divide 88286122?
False
Is 372 a factor of 3181716?
True
Is 632 a factor of 730136328?
True
Does 23 divide 271423345?
True
Is 75284595 a multiple of 3305?
True
Is 6 a factor of 22753923?
False
Does 13 divide 170670222?
False
Does 88 divide 1618120064?
True
Does 24 divide 170721120?
True
Is 47366901 a multiple of 78?
False
Is 55 a factor of 7827699?
False
Does 849 divide 67706826?
False
Is 10 a factor of 74031390?
True
Is 155805980 a multiple of 55?
True
Is 33 a factor of 15306720?
True
Is 44 a factor of 118327220?
True
Does 47 divide 247263151?
False
Is 18 a factor of 1941439824?
True
Does 25 divide 41133800?
True
Is 2121 a factor of 67912533?
False
Is 2113 a factor of 74603886?
False
Does 16 divide 467483006?
False
Is 150 a factor of 155115150?
True
Is 88 a factor of 638697372?
False
Does 3303 divide 75513186?
True
Does 2 divide 206436491?
False
Is 4 a factor of 17370302?
False
Does 199 divide 9818859?
True
Is 32182014 a multiple of 366?
True
Is 48 a factor of 32573958?
False
Is 233928025 a multiple of 24?
False
Does 72 divide 25778715?
False
Is 2899029068 a multiple of 7852?
True
Does 31 divide 380256716?
False
Does 15 divide 164136105?
True
Is 174 a factor of 27200467?
False
Is 2035029192 a multiple of 98?
True
Does 62 divide 1513087308?
True
Does 1585 divide 326338820?
True
Is 64187554 a multiple of 193?
True
Does 3602 divide 345748776?
True
Is 150134970 a multiple of 10?
True
Is 272 a factor of 233063200?
True
Is 61938360 a multiple of 22?
True
Does 39 divide 412134104?
False
Is 216 a factor of 591027886?
False
Is 7 a factor of 17799882?
False
Is 20 a factor of 256435500?
True
Is 308 a factor of 29436100?
False
Does 21 divide 97231423?
False
Does 256 divide 159548160?
True
Is 504386 a multiple of 2